*c - 21 + 33. Suppose 4*t + 5*f + 22 = 9, 0 = -c*t + 5*f - 1. Let r(p) = 2 - 4 + 0 - p - 3*p**2. Determine r(t).
-12
Suppose 0 = 5*x + 5*g - 20, -5*x = -3*x + 5*g - 8. Let f(z) = 0 - 1 - x*z + 9*z**2 + 3 - 10*z**2. Give f(-6).
-10
Let x be 8/(-6)*(15/(-6) - -1). Let m(w) = -1 - 4*w - w + x*w. Let u = 8 + -5. Calculate m(u).
-10
Let c(g) = -g**2 + 14*g - 33. Let u be c(10). Let i(f) = -f**3 + 6*f**2 + 5*f. Determine i(u).
-14
Let m = -3 + 18. Let g be m/5 - (-3 - -5). Let l(q) = -4 - 1 + 0 + g - q. Give l(0).
-4
Let l = 50 - 32. Suppose 7*k = 2*k - 3*w + 23, -5*k + l = -2*w. Let m(q) = -7*q + 10. Let h(i) = -3*i + 5. Let z(o) = 5*h(o) - 2*m(o). Calculate z(k).
1
Let o(l) = l**3 + 2*l**2 + 131 + l**2 - 145 - 13*l**2 + l. Determine o(10).
-4
Let w(l) = -5*l - 4*l**2 - 3*l**2 - 2*l - l**3 - 2. Let z(y) = -y**2 + 5*y - 2. Let v be z(4). Let p = -4 - v. Give w(p).
4
Let q(w) be the third derivative of w**6/120 + 7*w**5/60 + w**4/6 + 10*w**2 + 5. What is q(-7)?
-28
Let a(k) = -5*k**3 + 37*k**2 + 36*k - 39. Let m(d) = -d**3 + 7*d**2 + 7*d - 8. Let s(i) = 2*a(i) - 11*m(i). Give s(4).
6
Let u(r) = 17*r**2 + 12*r + 23. Let j(d) be the second derivative of d**4/2 + 2*d**3/3 + 4*d**2 - 21*d. Let h(v) = 11*j(v) - 4*u(v). Give h(-3).
-10
Let v(y) = -8*y**3 - y**2. Suppose 2*k + 4*l = -24, l + 15 = -k + 2. Let o = k + 13. Give v(o).
7
Let s = 47/102 + 2/51. Let y(m) be the third derivative of 1/24*m**4 - 4*m**2 + 0 - 1/20*m**5 + 0*m + 1/120*m**6 - s*m**3. Calculate y(3).
0
Suppose 0 = a + 5, -t + 6*t = a + 5. Let l(w) = -7*w + 4. Let o(c) = -4*c + 2. Let u(s) = -3*l(s) + 5*o(s). Give u(t).
-2
Let a(d) = 18*d - 2. Let o(g) = 3*g**2 + 18*g + 17. Let h be o(-5). What is a(h)?
34
Let j(i) = -3*i**2 + 3*i + 2. Let c = -509 + 511. Determine j(c).
-4
Let n(z) = 4 + 5*z + 3*z**2 - 9*z**2 + z**3 + 2. Let a(b) = b**2 - 6*b - 11. Let u be a(8). Suppose 30 = 5*x + u. Determine n(x).
6
Let h(s) = -s - 4. Suppose 9 = -5*z - 6, -2*z = j + 1. Suppose -4*k = -2*i + 14, 2*k - 3 = -j*i + 8. Calculate h(i).
-7
Let g(z) = -12*z**2 + 11*z - 12. Let w(c) = -17*c**2 + 16*c - 17. Let q(h) = -7*g(h) + 5*w(h). Let m = 0 - -4. Determine q(m).
-5
Let k(p) = 7*p - 39. Let j(o) = 6*o - 198. Let g be j(34). What is k(g)?
3
Let n(p) be the first derivative of 7 - 2 + 5*p**2 - 2*p**2 - 3*p. Determine n(2).
9
Suppose 4*q = -3*g + 16, 0*g - g + 6 = 2*q. Let k be q/2*(0 - -12). Let n = 7 - k. Let x(p) = -11*p. What is x(n)?
-11
Let d(s) = -5*s**2 - 8*s - 2. Let r(y) = -2*y**2 - y + 1. Let z(p) = -d(p) + 3*r(p). Give z(6).
-1
Let m(i) = i + 1. Let x(u) = -4*u - 2. Suppose 2*j = -0*j. Suppose 5*c + 8 + 17 = j. Let f(r) = c*m(r) - x(r). Calculate f(0).
-3
Suppose 0 = -5*h - k + 2 - 3, 0 = 5*h + 3*k + 3. Let v(a) = -a**3 - a**2 + 32. What is v(h)?
32
Let l(o) = -28 + 8 + 30*o - 28*o. Let x be l(13). Let m(u) = 2*u + 1. Calculate m(x).
13
Let v(p) = 16*p**2 + 2*p + 17. Let m(g) = 2*g**2 + 3. Let h(b) = 6*m(b) - v(b). Calculate h(2).
-19
Let w be (-13)/52 - 58*3/8. Let a be 1/2 + (-1 - w/(-4)). Let c(j) = j**3 + 5*j**2 - 6*j + 3. Calculate c(a).
3
Suppose 5*w - 56 = -21. Let h = w - 5. Let r(z) = 3*z - 1. Determine r(h).
5
Suppose 2*t = 3*u + 2 + 21, -41 = -4*t + u. Suppose 5 = 11*a - t*a. Suppose -a*b = -3*l + 2*l - 1, -b + 4*l = -4. Let k(v) = v + 4. What is k(b)?
4
Let s be (-12)/(-32)*-2 - (-14)/8. Let g(a) = a**2 + a - 1. Calculate g(s).
1
Let h be 8 + (-2 - (4 + -3)). Suppose 0 = -h*w + 2*w - 2*l + 8, w + 4*l - 6 = 0. Let i(j) = j**3 - 5*j**2 + 2*j - 2. Give i(w).
-10
Let r be -2*(3 - (1 - -1)). Let q be r - (-1 + 0 - 1). Let m(h) = -h**2 + 8. Determine m(q).
8
Let n(k) = -k**3 - 4*k**2 - 3*k - 1. Let p(u) = 3*u**3 - 2*u**2 + u + 2. Let o be p(-2). Let y be (-8)/o - 18/8. What is n(y)?
-3
Let n(o) = 4*o**3 - 5*o**2 + 3*o + 2. Let j be n(3). Let l(r) = -147*r - 1 + j*r + 0 + 79*r - r**3 + 3*r**2. What is l(4)?
7
Let h(b) = -6193*b**3 + 43 + b**2 + 6192*b**3 + 4*b - 5*b. Determine h(0).
43
Let u(i) = -i**2 - 3*i. Let q be ((-12)/(-8))/(1/2). Suppose -d = -q*d. Suppose 5*z = 3*p + 15, -5*z + 25 = -5*p - d*z. What is u(p)?
-10
Let l = 12 - -42. Let j(f) = 3*f**2 + 3*f**2 + l - 54. Give j(-1).
6
Let r(f) be the first derivative of 0*f**2 - 9 - 1/4*f**4 - 3*f - 4/3*f**3. Calculate r(-3).
-12
Let i(b) = -b**2 - b + 2. Let j = -117 - -119. Calculate i(j).
-4
Let h(u) = -4*u**3 + 1. Let i(g) = -13*g**3 + 8*g**2 + 6*g - 1. Let x(m) = -3*h(m) + i(m). What is x(8)?
44
Let v(x) = 2*x**2. Suppose -4 = -4*b - 4*u, -u = 4*u + 15. Suppose -2*y - b*w = -14, 3*y = 11*w - 6*w - 23. Determine v(y).
2
Let a(m) = m**3 + m**2 - 2. Suppose -2*i = -2*y + 2 - 0, 4*y + 2*i = 10. Let f = -64 - -67. Suppose 2*x - f*x + y = 0. Give a(x).
10
Let r(f) = 18*f - 138. Let k be r(8). Let a(b) = -b**2 - b + 6. Determine a(k).
-36
Let v(s) = 9*s**2 - 41*s - 15. Let h be v(5). Let t(m) = m**3 - 7*m**2 + 6*m - 2. Calculate t(h).
-22
Let i be 2/(-6)*(-14 + 11). Let r(p) = -p**2 + p + 1. Let n(g) = 4*g**2 - 2*g - 3. Let u(k) = i*n(k) + 3*r(k). What is u(-2)?
2
Let b be (8 - -3 - 1) + -1. Let z(p) be the second derivative of -b*p - 1/12*p**4 + 4/3*p**3 + 0 - 7/2*p**2. What is z(8)?
-7
Let d(x) = 10 - 6*x**2 + 4*x - 3 + 5*x**3 - 6*x**3 + 3*x. Calculate d(-7).
7
Let g(n) = n + 3*n + n**3 - 20*n**2 + 13*n**2 - 5*n + 1 + 10*n**2. Give g(-3).
4
Let p(i) = -i + 7. Let h(t) = t - 8. Let f(m) = 4*h(m) + 3*p(m). Let k(n) = 3*n**2 - 3*n. Let d be k(1). Give f(d).
-11
Let l(f) = f + 1. Let q(b) = -b - 1. Let z be q(-6). Suppose -3*a = -4*p + 21, 3*a + a = -4*p. Suppose 2*n + 6 = -5*j - p, 14 = -4*j - z*n. Give l(j).
0
Let o(u) = u**2 + 26*u - 44. Let d be o(2). Let m(r) = 5*r - 63. What is m(d)?
-3
Let t be 2/(8/(-12)) - -4. Suppose 4*f + f = 5. Let m(v) = f + t - 1 + v - v**2. Determine m(-2).
-5
Let x(z) = 5*z + 9. Let a(y) = -27*y - 46. Let p = 3 - 5. Let i(t) = p*a(t) - 11*x(t). What is i(-7)?
0
Let i(x) = -x**3 + 7*x**2 + 4. Let g = -61 - -69. Suppose -g*s + 5*s = -21. Give i(s).
4
Let q be (-33)/(-4) - (-18)/24. Suppose -9 - q = -3*a. Let m(w) = 11*w + 10*w + 4 + 10*w - 32*w. Give m(a).
-2
Suppose -31*l = -35*l + 20. Suppose -l*z = 76 - 61. Let a(w) = 4*w - 1. Calculate a(z).
-13
Let l = -51 - -67. Let n(p) = -p + 1. Calculate n(l).
-15
Let a(c) = -7*c**3 - 2*c**2 - 1. Let y(u) = -2*u**3 - 18*u**2 + 10*u + 88. Let o be y(-9). Calculate a(o).
47
Let i(v) = 6*v**3 - 2*v**2 - 3*v + 1. Let w be i(-1). Let j(t) = 8*t + 4. Calculate j(w).
-28
Let j(w) = -3*w**2 - 5*w + 8. Let b(y) = 8*y**2 + 15*y - 23. Let t(k) = 4*b(k) + 11*j(k). Suppose -2*n = -2*o, 4*o + 5*n - 30 = 3*o. Determine t(o).
-4
Let p(n) = n**3 - 2*n**3 - 12 + 2*n**3 - 15907*n**2 + 15894*n**2 + 13*n. Determine p(12).
0
Let d be -3 - (4/(-2) - -2). Let b(p) = -5*p**3 - 7*p + 0 + 8*p**2 + 1 - 4. Let r(q) = -4*q**3 + 7*q**2 - 6*q - 3. Let y(m) = d*b(m) + 4*r(m). Calculate y(3).
-3
Let f(t) = 23*t**2 - 8*t - 4. Let c(p) = -20*p**2 + 7*p + 3. Let q(l) = -7*c(l) - 6*f(l). Calculate q(2).
9
Let h(i) be the third derivative of i**6/120 + 11*i**5/60 + 3*i**4/8 + i**3/3 - 6*i**2 + 6*i. Calculate h(-10).
12
Suppose -w = -2*w + 2, 5*p - 4*w + 338 = 0. Let g = -72 - p. Let a(k) = -3*k - 7. What is a(g)?
11
Let l(x) = -6*x + 1. Let m(g) = 6*g. Let o(t) = -5*l(t) - 6*m(t). Determine o(-2).
7
Let q(r) be the first derivative of r**4/6 + 2*r**3/3 + 9*r + 7. Let b(c) be the first derivative of q(c). What is b(-3)?
6
Let u = 17 - 15. Suppose -u*b + 9 = -x - b, 0 = -3*x + 4*b - 28. Let o(r) = -r**3 - 7*r**2 + 10*r + 8. Calculate o(x).
-8
Let c(j) = 4*j - 1. Let p be 9/(-12) - (-2)/(-8). Let u be c(p). Let k(a) = -a**2 - 6*a + a + 0*a**2 - 6. Calculate k(u).
-6
Let v(z) be the third derivative of -1/24*z**4 - 1/3*z**3 + 38*z**2 + 0 + 0*z. Determine v(1).
-3
Suppose h = -4, 84 = 2*q + 2*q + 4*h. Suppose 26 = 4*w + 3*g - q, 15 = 3*g. Let f(t) = -t + 4. Give f(w).
-5
Let k = -25 - 55. Let o = k - -82. Let p(s) = 4*s - 2. Determine p(o).
6
Let c(d) be the third derivative of d**6/120 + 13*d**5/60 - 13*d**4/24 - 7*d**3/6 - 834*d**2. Calculate c(-14).
-21
Let o(v) = v**3 + 4*v**2 + 3*v + 3. Let g be (-12 - -14)*9/(-6). Give o(g).
3
Let q(w) = -12*w**3 + 4*w**3 - 11*w + 6 - 16*w**2 + 7*w**2 + 7*w**3. Calculate q(-8).
30
Let h(t) be the first derivative of t**2/2 + 4*t + 45. What is h(2)?
6
Let z be (-2)/4 - 1